(j) = j**3 + 12*j**2 - 17*j - 7. Let u be m(-13). Let q = 14 + u. Let n = q - 25. Calculate the remainder when 135 is divided by n.
33
Suppose q - g = 111 + 50, -5*g = 3*q - 491. Calculate the remainder when q is divided by 58.
46
Suppose -b = -4*b. Suppose 12*y - 11*y - 14 = b. Calculate the remainder when 67 is divided by y.
11
Suppose -3*m + 4*m = 342. Suppose -13*a = -4*a - m. What is the remainder when a is divided by 13?
12
Let i = 1696 - 982. What is the remainder when i is divided by 65?
64
Let h(u) = u + 35. Let o be (3 + -2 + -2)*0. Suppose o = c - 11 - 4. What is the remainder when h(-8) is divided by c?
12
Suppose 6*s - 597 = s - 3*a, a - 479 = -4*s. Calculate the remainder when s is divided by 27.
12
Let n = -1164 + 1282. What is the remainder when n is divided by 40?
38
Let u be (2 + 0)/((-1)/((-9)/6)). Suppose -u*h + 6*h = 96. What is the remainder when 63 is divided by h?
31
Let u = -574 - -583. What is the remainder when 19 is divided by u?
1
Suppose 20 - 60 = -4*c. Let h = c + 35. Calculate the remainder when h is divided by 23.
22
Let b = -4 + 8. Suppose -2*c - o - 4*o = -154, 0 = -b*c - 2*o + 276. Suppose -6*z = -2*z - 92. Calculate the remainder when c is divided by z.
21
Let a be ((-2)/4)/((-3)/(-54)). Suppose -3*x + 8 = -0*x + 2*t, 0 = x - t - 11. Calculate the remainder when (-3)/6 - a/(-6)*-23 is divided by x.
4
Suppose 0 = -a - 3*y + 7*y - 23, -23 = 5*a + 3*y. Let c = a - -8. What is the remainder when c is divided by 1?
0
Let g = -84 - -132. Let q be (-18)/(((-9)/6)/(2 - 9)). Calculate the remainder when g is divided by (-575)/(-35) + 16/q*-3.
14
Suppose 102*b = 3082 - 226. Calculate the remainder when b is divided by 17.
11
Suppose 1 = -3*v + 10. Let t be (-1 + v)*(-85)/(-34). Suppose 4*z = 2*r + 118, -t*z - 84 = -3*r - 234. What is the remainder when z is divided by 7?
6
What is the remainder when 1117 is divided by 5 - (9 + 8 + -26)?
11
Suppose -5*f = 5*s - 2*s - 10, -3*s - f = -2. Let c be 3/(-6)*s/3. Suppose 5*d - 145 = -c*d. What is the remainder when d is divided by 6?
5
Suppose 1594*w = 1585*w + 2781. Calculate the remainder when w is divided by 106.
97
Suppose -33 = -3*p - 6. Suppose 6*j - j - 4*z - p = 0, z = -j. Calculate the remainder when 21 is divided by (3 - (7 - j)) + 14.
10
Suppose -200*v + 213 = -197*v. Calculate the remainder when v is divided by 25.
21
Let v(p) = 4*p**3 - p + 1. Let z be v(1). Suppose 2*b - 4*b = -4*c - 56, 23 = b - 3*c. Suppose -z*n - b = -6*n. What is the remainder when 54 is divided by n?
16
Let o = -122 + 214. Suppose 8*n - 10*n = -o. What is the remainder when n is divided by 24?
22
Suppose 2*k - 2*q - 624 = 0, 2*q - 607 - 1 = -2*k. Let f = k - 306. Let w(z) = -z**2 + 2. What is the remainder when w(0) is divided by f?
0
Suppose -3*x + 108 = -273. Calculate the remainder when x is divided by 10.
7
Let k(o) = 11*o - 376. What is the remainder when 656 is divided by k(35)?
8
Suppose -25*g + 8039 = 1589. Calculate the remainder when g is divided by 89.
80
Suppose -7*z = -20*z + 52. Calculate the remainder when 5 is divided by z.
1
Let o = 16 - 10. Let d be -21*1*(-18)/(-27). Calculate the remainder when o is divided by d/(-6) - (-8)/(-24).
0
Let t(w) = w**3 + 2*w**2 + 3. Suppose 4*v = 3*l - 11, -7*l + 3*l - 5*v = 37. Let y be t(l). What is the remainder when 25 is divided by 4/6 - 80/y?
11
Let r(k) = k**2. Let j be r(-2). What is the remainder when j - (-3 - 50)*1 is divided by 15?
12
Let s = 1187 - 1086. What is the remainder when 209 is divided by s?
7
Let d = -20 + 59. Let f = 582 - 389. What is the remainder when f is divided by d?
37
Suppose -41*a + 247 = 3*u - 39*a, 4*a = -2*u + 162. Calculate the remainder when 163 is divided by u.
80
Let y(t) = -t**3 + 6*t**2 - 3*t + 16. What is the remainder when y(3) is divided by 7?
6
Let y(w) be the first derivative of 4*w**2 + 49*w - 3. What is the remainder when 3 is divided by y(-6)?
0
Suppose -u - 5*j = -49, -14*u + 5*j + 67 = -11*u. What is the remainder when 114 is divided by u?
27
Let s = 61 - 56. Suppose -r - 1 = -2*r - 2*j, -4*j = 0. Suppose s*d - 11 = -r. Calculate the remainder when d is divided by 2.
0
Let i be (-39)/(-2)*(-10)/3. Let m = i + 97. Suppose 3*a - m = a. What is the remainder when 63 is divided by a?
15
Let r(h) = -h**3 - 14*h**2 + 22*h + 116. Suppose 2*s = -4, 3*y - 4*s - 20 = 75. Calculate the remainder when y is divided by r(-15).
7
Suppose 60*h - 55*h - 1840 = 0. Calculate the remainder when h is divided by 41.
40
Suppose 14 = s - 2*z, 4*s - 157*z = -153*z + 56. Calculate the remainder when 81 is divided by s.
11
Let y(k) = 15*k + 168. Let n be y(-11). Suppose -2*j = -j. Suppose -t - 3*b = -j - 15, 5*t - 99 = -n*b. What is the remainder when t is divided by 11?
10
Suppose -752 = -14*s - 262. Calculate the remainder when 69 is divided by s.
34
Let h = -35 - -98. Let p = 199 - 94. What is the remainder when h is divided by 14/p*-12*(-10)/1?
15
Let c(u) be the second derivative of u**3/2 + 5*u**2/2 + 13*u. Let q be c(-2). Let p = q - -51. Calculate the remainder when p is divided by 18.
14
Suppose -t - 59 - 10 = -2*y, 39 = y - 2*t. What is the remainder when 142 is divided by y?
10
Let x(m) = 23*m - 32. Calculate the remainder when 68 is divided by x(2).
12
Let y = 15 + -10. Suppose -5*w + 4 = -4*w, 2*x - y*w - 44 = 0. Calculate the remainder when x is divided by 17.
15
Calculate the remainder when (165 - 48)/((1 - 0) + 0) is divided by 17.
15
Let r = -11 + 40. Let j be 6/(-21) - 846/(-21). Calculate the remainder when r is divided by (-12)/(-10)*j/3.
13
Suppose 0*m + 2*m = 110. Calculate the remainder when 272 is divided by m.
52
Let o(v) = -v**2 - v + 82. Let r(m) = -m + 27. Calculate the remainder when o(0) is divided by r(6).
19
Let v = 2104 - 2069. Calculate the remainder when 129 is divided by v.
24
Let v(d) = -4*d + 14. Let k be v(6). Let h be 10/25 + 4/k. Suppose h = -o + 5*s + 12, 12 = -o + 4*o - 3*s. What is the remainder when 5 is divided by o?
1
Let k(l) = -l**3 - 10*l**2 + 34*l - 59. Calculate the remainder when 142 is divided by k(-13).
4
Let p(i) = -3*i + 8. Let o be p(-6). Let a = -21 + o. Let m(k) = 2*k**2 + 5*k + 5. Calculate the remainder when m(-4) is divided by a.
2
Suppose 5*k = -5*c + 60, -68 = -3*c + 103*k - 98*k. Calculate the remainder when 3*(-4)/3 + 48 is divided by c.
12
Suppose -n = -4*g - 0*n + 29, 2*g - 5*n - 1 = 0. Calculate the remainder when 34 is divided by (18/g)/((-20)/(-80)).
7
Let c be 2/(-3) - (-11)/(-33). Let t be 50/c - (-11)/(-11). Let s = -28 - t. What is the remainder when s is divided by 13?
10
Suppose -3*q + 2*p + 10 = 0, 3*p - p + 22 = 5*q. Suppose 6*t = 96 + q. Calculate the remainder when 47 is divided by t.
13
Let b(t) = 3*t**2 - 3*t - 1. Let q(f) = -51*f - 2. Let h(n) = 153*n + 6. Let w(a) = -4*h(a) - 11*q(a). What is the remainder when w(-1) is divided by b(-2)?
15
Let m(z) = z**2 - z + 51. Let v be m(0). Let h = -25 + v. Suppose 24*u - h*u + 60 = 0. Calculate the remainder when u is divided by 16.
14
Suppose -f + 515 = 5*y, -f + 3*y + 480 = y. Let s = f - -104. Suppose 4*n + 0*p + 4*p = 564, 2*p + s = 4*n. What is the remainder when n is divided by 37?
35
Let x = 48 + -28. Suppose 5*h + 5*c = 9*c + 120, 0 = 3*h - 2*c - 70. Suppose -h = -5*s, i + 0*i - s - 53 = 0. What is the remainder when i is divided by x?
17
Suppose 4*r + 38 + 362 = 0. Let x = r + 160. What is the remainder when x is divided by (-2)/5 + 535/25?
18
Suppose 395 = 8*o - 3*o. Let r = o - 71. What is the remainder when r is divided by 5?
3
Suppose -j = y - 9 - 6, -y - 37 = -3*j. What is the remainder when 32 is divided by j?
6
Let m(z) = -z**3 + z**2 + z + 6. Let k be m(0). Let n = -641 + 666. What is the remainder when n is divided by (-3)/(-1)*28/k?
11
Let q = 269 + -255. Let m(d) = 3*d**3 - d**2 + 2*d + 3. Let h be m(-2). Let y = 84 + h. Calculate the remainder when y is divided by q.
13
Let k(v) = 6*v**3 - 4*v**2 + 4*v - 2. Let o be k(2). Let a = o - 32. What is the remainder when a is divided by 4?
2
Let g(f) = 32*f - 57*f + 57 + 28*f. What is the remainder when g(0) is divided by 15?
12
Let x = 40 - 19. Suppose -2*s + 5 = 3*s + 5*p, -2*p = -s + 13. Suppose -6 = -f + s. Calculate the remainder when x is divided by f.
10
Suppose -2*g = 22 - 14. Calculate the remainder when 122 is 